{"id":1779,"date":"2025-09-25T10:45:31","date_gmt":"2025-09-25T08:45:31","guid":{"rendered":"https:\/\/lesmainsdeflo.com\/?page_id=1779"},"modified":"2025-10-01T16:45:45","modified_gmt":"2025-10-01T14:45:45","slug":"team-building-2","status":"publish","type":"page","link":"https:\/\/lesmainsdeflo.com\/index.php\/team-building-2\/","title":{"rendered":"Team building"},"content":{"rendered":"\t\t<div data-elementor-type=\"wp-page\" data-elementor-id=\"1779\" class=\"elementor elementor-1779\">\n\t\t\t\t\t\t<section class=\"elementor-section elementor-top-section elementor-element elementor-element-cae3520 elementor-section-boxed elementor-section-height-default elementor-section-height-default\" data-id=\"cae3520\" data-element_type=\"section\" data-settings=\"{&quot;background_background&quot;:&quot;classic&quot;}\">\n\t\t\t\t\t\t<div class=\"elementor-container elementor-column-gap-no\">\n\t\t\t\t\t<div class=\"elementor-column elementor-col-100 elementor-top-column elementor-element elementor-element-c703379\" data-id=\"c703379\" data-element_type=\"column\">\n\t\t\t<div class=\"elementor-widget-wrap elementor-element-populated\">\n\t\t\t\t\t\t<div class=\"elementor-element elementor-element-4cc9868 elementor-widget elementor-widget-heading\" data-id=\"4cc9868\" data-element_type=\"widget\" data-widget_type=\"heading.default\">\n\t\t\t\t<div class=\"elementor-widget-container\">\n\t\t\t\t\t<h1 class=\"elementor-heading-title elementor-size-default\">Team Building<\/h1>\t\t\t\t<\/div>\n\t\t\t\t<\/div>\n\t\t\t\t\t<\/div>\n\t\t<\/div>\n\t\t\t\t\t<\/div>\n\t\t<\/section>\n\t\t<div class=\"elementor-element elementor-element-0063e6e e-flex e-con-boxed e-con e-parent\" data-id=\"0063e6e\" data-element_type=\"container\">\n\t\t\t\t\t<div class=\"e-con-inner\">\n\t\t\t\t<div class=\"elementor-element elementor-element-3bd007b elementor-widget elementor-widget-heading\" data-id=\"3bd007b\" data-element_type=\"widget\" data-widget_type=\"heading.default\">\n\t\t\t\t<div class=\"elementor-widget-container\">\n\t\t\t\t\t<h2 class=\"elementor-heading-title elementor-size-default\">\ud83c\udf38 Vivez un team building original et bluffant<\/h2>\t\t\t\t<\/div>\n\t\t\t\t<\/div>\n\t\t\t\t<div class=\"elementor-element elementor-element-2aa08e0 elementor-widget elementor-widget-text-editor\" data-id=\"2aa08e0\" data-element_type=\"widget\" data-widget_type=\"text-editor.default\">\n\t\t\t\t<div class=\"elementor-widget-container\">\n\t\t\t\t\t\t\t\t\t<p data-start=\"108\" data-end=\"476\">\u2728 Envie d\u2019un <strong data-start=\"121\" data-end=\"138\">team building<\/strong> qui change des activit\u00e9s classiques ? D\u00e9couvrez une exp\u00e9rience in\u00e9dite o\u00f9 la chirologie devient un jeu collectif surprenant. Ici, la coh\u00e9sion d\u2019\u00e9quipe se construit dans les rires, les surprises et les r\u00e9v\u00e9lations bluffantes. Chaque main raconte une histoire et devient le support d\u2019\u00e9changes inattendus qui rapprochent les participants.<\/p><p data-start=\"478\" data-end=\"744\">\ud83d\udd25 Exit le team building banal : place \u00e0 une animation originale, un brin magique, presque mentaliste, qui marquera les esprits. Id\u00e9al pour souder un groupe, stimuler la complicit\u00e9 et offrir \u00e0 vos collaborateurs un moment unique dont ils se souviendront longtemps.<\/p><p data-start=\"746\" data-end=\"888\">\ud83d\udc49 Offrez \u00e0 vos \u00e9quipes un <strong data-start=\"773\" data-end=\"790\">team building<\/strong> moderne, ludique et m\u00e9morable, pens\u00e9 pour valoriser chaque participant et cr\u00e9er de vrais liens.<\/p>\t\t\t\t\t\t\t\t<\/div>\n\t\t\t\t<\/div>\n\t\t\t\t\t<\/div>\n\t\t\t\t<\/div>\n\t\t<div class=\"elementor-element elementor-element-c8e8151 e-flex e-con-boxed e-con e-parent\" data-id=\"c8e8151\" data-element_type=\"container\">\n\t\t\t\t\t<div class=\"e-con-inner\">\n\t\t\t\t<div class=\"elementor-element elementor-element-64a3807 elementor-widget elementor-widget-image\" data-id=\"64a3807\" data-element_type=\"widget\" data-widget_type=\"image.default\">\n\t\t\t\t<div class=\"elementor-widget-container\">\n\t\t\t\t\t\t\t\t\t\t\t\t\t\t\t<img fetchpriority=\"high\" decoding=\"async\" width=\"768\" height=\"512\" src=\"https:\/\/lesmainsdeflo.com\/wp-content\/uploads\/2025\/09\/team-building2-768x512.png\" class=\"attachment-medium_large size-medium_large wp-image-1874\" alt=\"\" srcset=\"https:\/\/lesmainsdeflo.com\/wp-content\/uploads\/2025\/09\/team-building2-768x512.png 768w, https:\/\/lesmainsdeflo.com\/wp-content\/uploads\/2025\/09\/team-building2-300x200.png 300w, https:\/\/lesmainsdeflo.com\/wp-content\/uploads\/2025\/09\/team-building2-1024x683.png 1024w, https:\/\/lesmainsdeflo.com\/wp-content\/uploads\/2025\/09\/team-building2.png 1344w\" sizes=\"(max-width: 768px) 100vw, 768px\" \/>\t\t\t\t\t\t\t\t\t\t\t\t\t\t\t<\/div>\n\t\t\t\t<\/div>\n\t\t\t\t\t<\/div>\n\t\t\t\t<\/div>\n\t\t<div class=\"elementor-element elementor-element-b70b221 e-flex e-con-boxed e-con e-parent\" data-id=\"b70b221\" data-element_type=\"container\">\n\t\t\t\t\t<div class=\"e-con-inner\">\n\t\t\t\t<div class=\"elementor-element elementor-element-e77bf23 elementor-widget elementor-widget-testimonial\" data-id=\"e77bf23\" data-element_type=\"widget\" data-widget_type=\"testimonial.default\">\n\t\t\t\t<div class=\"elementor-widget-container\">\n\t\t\t\t\t\t\t<div class=\"elementor-testimonial-wrapper\">\n\t\t\t\t\t\t\t<div class=\"elementor-testimonial-content\">\"L\u2019animation avec Florence \u00e9tait vraiment top et les retours ont \u00e9t\u00e9 unanimes et hyper positifs tant sur le fond que sur la forme. Atelier dynamique qui permet de cr\u00e9er du lien, d\u2019approfondir la connaissance de soi et des autres avec une approche originale. Je te reco vivement de le rajouter \u00e0 la liste de tes prestations car tous les peoples ont ador\u00e9.\"<\/div>\n\t\t\t\n\t\t\t\t\t\t<div class=\"elementor-testimonial-meta elementor-has-image elementor-testimonial-image-position-aside\">\n\t\t\t\t<div class=\"elementor-testimonial-meta-inner\">\n\t\t\t\t\t\t\t\t\t\t\t<div class=\"elementor-testimonial-image\">\n\t\t\t\t\t\t\t<img decoding=\"async\" width=\"768\" height=\"768\" src=\"https:\/\/lesmainsdeflo.com\/wp-content\/uploads\/2025\/10\/dell_technologies-logo.png\" class=\"attachment-full size-full wp-image-1965\" alt=\"\" srcset=\"https:\/\/lesmainsdeflo.com\/wp-content\/uploads\/2025\/10\/dell_technologies-logo.png 768w, https:\/\/lesmainsdeflo.com\/wp-content\/uploads\/2025\/10\/dell_technologies-logo-300x300.png 300w, https:\/\/lesmainsdeflo.com\/wp-content\/uploads\/2025\/10\/dell_technologies-logo-150x150.png 150w\" sizes=\"(max-width: 768px) 100vw, 768px\" \/>\t\t\t\t\t\t<\/div>\n\t\t\t\t\t\n\t\t\t\t\t\t\t\t\t\t<div class=\"elementor-testimonial-details\">\n\t\t\t\t\t\t\t\t\t\t\t\t\t\t<div class=\"elementor-testimonial-name\">St\u00e9phanie B. Manager GCP Industry  Dell Technologies<\/div>\n\t\t\t\t\t\t\t\t\t\t\t\t\t\t\t\t\t\t\t<\/div>\n\t\t\t\t\t\t\t\t\t<\/div>\n\t\t\t<\/div>\n\t\t\t\t\t<\/div>\n\t\t\t\t\t\t<\/div>\n\t\t\t\t<\/div>\n\t\t\t\t\t<\/div>\n\t\t\t\t<\/div>\n\t\t\t\t<\/div>\n\t\t","protected":false},"excerpt":{"rendered":"<p>Team Building \ud83c\udf38 Vivez un team building original et bluffant \u2728 Envie d\u2019un team building qui change des activit\u00e9s classiques ? D\u00e9couvrez une exp\u00e9rience in\u00e9dite o\u00f9 la chirologie devient un &hellip;<\/p>\n<p class=\"read-more\"> <a class=\"\" href=\"https:\/\/lesmainsdeflo.com\/index.php\/team-building-2\/\"> <span class=\"screen-reader-text\">Team building<\/span> Lire la suite\u00a0\u00bb<\/a><\/p>\n","protected":false},"author":1,"featured_media":0,"parent":0,"menu_order":0,"comment_status":"closed","ping_status":"closed","template":"","meta":{"site-sidebar-layout":"no-sidebar","site-content-layout":"page-builder","ast-site-content-layout":"full-width-container","site-content-style":"unboxed","site-sidebar-style":"unboxed","ast-global-header-display":"","ast-banner-title-visibility":"","ast-main-header-display":"","ast-hfb-above-header-display":"","ast-hfb-below-header-display":"","ast-hfb-mobile-header-display":"","site-post-title":"disabled","ast-breadcrumbs-content":"","ast-featured-img":"disabled","footer-sml-layout":"","theme-transparent-header-meta":"default","adv-header-id-meta":"","stick-header-meta":"","header-above-stick-meta":"","header-main-stick-meta":"","header-below-stick-meta":"","astra-migrate-meta-layouts":"set","_price":"","_stock":"","_tribe_ticket_header":"","_tribe_default_ticket_provider":"TEC\\Tickets\\Commerce\\Module","_tribe_ticket_capacity":"0","_ticket_start_date":"","_ticket_end_date":"","_tribe_ticket_show_description":"","_tribe_ticket_show_not_going":false,"_tribe_ticket_use_global_stock":"","_tribe_ticket_global_stock_level":"","_global_stock_mode":"","_global_stock_cap":"","_tribe_rsvp_for_event":"","_tribe_ticket_going_count":"","_tribe_ticket_not_going_count":"","_tribe_tickets_list":"[]","_tribe_ticket_has_attendee_info_fields":false,"footnotes":"","_tec_slr_enabled":"","_tec_slr_layout":""},"class_list":["post-1779","page","type-page","status-publish","hentry"],"yoast_head":"<!-- This site is optimized with the Yoast SEO plugin v22.8 - https:\/\/yoast.com\/wordpress\/plugins\/seo\/ -->\n<title>Team building - Les mains de flo<\/title>\n<meta name=\"description\" content=\"Team building bluffant avec la chirologie : rires, surprises et magie pour souder vos \u00e9quipes et cr\u00e9er des liens uniques.\" \/>\n<meta name=\"robots\" content=\"index, follow, max-snippet:-1, max-image-preview:large, max-video-preview:-1\" \/>\n<link rel=\"canonical\" href=\"https:\/\/lesmainsdeflo.com\/index.php\/team-building-2\/\" \/>\n<meta property=\"og:locale\" content=\"fr_FR\" \/>\n<meta property=\"og:type\" content=\"article\" \/>\n<meta property=\"og:title\" content=\"Team building - Les mains de flo\" \/>\n<meta property=\"og:description\" content=\"Team building bluffant avec la chirologie : rires, surprises et magie pour souder vos \u00e9quipes et cr\u00e9er des liens uniques.\" \/>\n<meta property=\"og:url\" content=\"https:\/\/lesmainsdeflo.com\/index.php\/team-building-2\/\" \/>\n<meta property=\"og:site_name\" content=\"Les mains de flo\" \/>\n<meta property=\"article:modified_time\" content=\"2025-10-01T14:45:45+00:00\" \/>\n<meta property=\"og:image\" content=\"http:\/\/lesmainsdeflo.com\/wp-content\/uploads\/2025\/09\/team-building2-768x512.png\" \/>\n<meta name=\"twitter:card\" content=\"summary_large_image\" \/>\n<meta name=\"twitter:label1\" content=\"Dur\u00e9e de lecture estim\u00e9e\" \/>\n\t<meta name=\"twitter:data1\" content=\"2 minutes\" \/>\n<script type=\"application\/ld+json\" class=\"yoast-schema-graph\">{\"@context\":\"https:\/\/schema.org\",\"@graph\":[{\"@type\":\"WebPage\",\"@id\":\"https:\/\/lesmainsdeflo.com\/index.php\/team-building-2\/\",\"url\":\"https:\/\/lesmainsdeflo.com\/index.php\/team-building-2\/\",\"name\":\"Team building - Les mains de flo\",\"isPartOf\":{\"@id\":\"https:\/\/lesmainsdeflo.com\/#website\"},\"primaryImageOfPage\":{\"@id\":\"https:\/\/lesmainsdeflo.com\/index.php\/team-building-2\/#primaryimage\"},\"image\":{\"@id\":\"https:\/\/lesmainsdeflo.com\/index.php\/team-building-2\/#primaryimage\"},\"thumbnailUrl\":\"http:\/\/lesmainsdeflo.com\/wp-content\/uploads\/2025\/09\/team-building2-768x512.png\",\"datePublished\":\"2025-09-25T08:45:31+00:00\",\"dateModified\":\"2025-10-01T14:45:45+00:00\",\"description\":\"Team building bluffant avec la chirologie : rires, surprises et magie pour souder vos \u00e9quipes et cr\u00e9er des liens uniques.\",\"breadcrumb\":{\"@id\":\"https:\/\/lesmainsdeflo.com\/index.php\/team-building-2\/#breadcrumb\"},\"inLanguage\":\"fr-FR\",\"potentialAction\":[{\"@type\":\"ReadAction\",\"target\":[\"https:\/\/lesmainsdeflo.com\/index.php\/team-building-2\/\"]}]},{\"@type\":\"ImageObject\",\"inLanguage\":\"fr-FR\",\"@id\":\"https:\/\/lesmainsdeflo.com\/index.php\/team-building-2\/#primaryimage\",\"url\":\"https:\/\/lesmainsdeflo.com\/wp-content\/uploads\/2025\/09\/team-building2.png\",\"contentUrl\":\"https:\/\/lesmainsdeflo.com\/wp-content\/uploads\/2025\/09\/team-building2.png\",\"width\":1344,\"height\":896},{\"@type\":\"BreadcrumbList\",\"@id\":\"https:\/\/lesmainsdeflo.com\/index.php\/team-building-2\/#breadcrumb\",\"itemListElement\":[{\"@type\":\"ListItem\",\"position\":1,\"name\":\"Accueil\",\"item\":\"https:\/\/lesmainsdeflo.com\/\"},{\"@type\":\"ListItem\",\"position\":2,\"name\":\"Team building\"}]},{\"@type\":\"WebSite\",\"@id\":\"https:\/\/lesmainsdeflo.com\/#website\",\"url\":\"https:\/\/lesmainsdeflo.com\/\",\"name\":\"Les Mains de Flo\",\"description\":\"lecture des lignes de la main\",\"publisher\":{\"@id\":\"https:\/\/lesmainsdeflo.com\/#organization\"},\"potentialAction\":[{\"@type\":\"SearchAction\",\"target\":{\"@type\":\"EntryPoint\",\"urlTemplate\":\"https:\/\/lesmainsdeflo.com\/?s={search_term_string}\"},\"query-input\":\"required name=search_term_string\"}],\"inLanguage\":\"fr-FR\"},{\"@type\":\"Organization\",\"@id\":\"https:\/\/lesmainsdeflo.com\/#organization\",\"name\":\"Les mains de flo - Chiromancie\",\"url\":\"https:\/\/lesmainsdeflo.com\/\",\"logo\":{\"@type\":\"ImageObject\",\"inLanguage\":\"fr-FR\",\"@id\":\"https:\/\/lesmainsdeflo.com\/#\/schema\/logo\/image\/\",\"url\":\"https:\/\/lesmainsdeflo.com\/wp-content\/uploads\/2023\/10\/cropped-Chiromancie-Cartomancie-Papotage-1-1.png\",\"contentUrl\":\"https:\/\/lesmainsdeflo.com\/wp-content\/uploads\/2023\/10\/cropped-Chiromancie-Cartomancie-Papotage-1-1.png\",\"width\":512,\"height\":512,\"caption\":\"Les mains de flo - Chiromancie\"},\"image\":{\"@id\":\"https:\/\/lesmainsdeflo.com\/#\/schema\/logo\/image\/\"}}]}<\/script>\n<!-- \/ Yoast SEO plugin. -->","yoast_head_json":{"title":"Team building - Les mains de flo","description":"Team building bluffant avec la chirologie : rires, surprises et magie pour souder vos \u00e9quipes et cr\u00e9er des liens uniques.","robots":{"index":"index","follow":"follow","max-snippet":"max-snippet:-1","max-image-preview":"max-image-preview:large","max-video-preview":"max-video-preview:-1"},"canonical":"https:\/\/lesmainsdeflo.com\/index.php\/team-building-2\/","og_locale":"fr_FR","og_type":"article","og_title":"Team building - Les mains de flo","og_description":"Team building bluffant avec la chirologie : rires, surprises et magie pour souder vos \u00e9quipes et cr\u00e9er des liens uniques.","og_url":"https:\/\/lesmainsdeflo.com\/index.php\/team-building-2\/","og_site_name":"Les mains de flo","article_modified_time":"2025-10-01T14:45:45+00:00","og_image":[{"url":"http:\/\/lesmainsdeflo.com\/wp-content\/uploads\/2025\/09\/team-building2-768x512.png"}],"twitter_card":"summary_large_image","twitter_misc":{"Dur\u00e9e de lecture estim\u00e9e":"2 minutes"},"schema":{"@context":"https:\/\/schema.org","@graph":[{"@type":"WebPage","@id":"https:\/\/lesmainsdeflo.com\/index.php\/team-building-2\/","url":"https:\/\/lesmainsdeflo.com\/index.php\/team-building-2\/","name":"Team building - Les mains de flo","isPartOf":{"@id":"https:\/\/lesmainsdeflo.com\/#website"},"primaryImageOfPage":{"@id":"https:\/\/lesmainsdeflo.com\/index.php\/team-building-2\/#primaryimage"},"image":{"@id":"https:\/\/lesmainsdeflo.com\/index.php\/team-building-2\/#primaryimage"},"thumbnailUrl":"http:\/\/lesmainsdeflo.com\/wp-content\/uploads\/2025\/09\/team-building2-768x512.png","datePublished":"2025-09-25T08:45:31+00:00","dateModified":"2025-10-01T14:45:45+00:00","description":"Team building bluffant avec la chirologie : rires, surprises et magie pour souder vos \u00e9quipes et cr\u00e9er des liens uniques.","breadcrumb":{"@id":"https:\/\/lesmainsdeflo.com\/index.php\/team-building-2\/#breadcrumb"},"inLanguage":"fr-FR","potentialAction":[{"@type":"ReadAction","target":["https:\/\/lesmainsdeflo.com\/index.php\/team-building-2\/"]}]},{"@type":"ImageObject","inLanguage":"fr-FR","@id":"https:\/\/lesmainsdeflo.com\/index.php\/team-building-2\/#primaryimage","url":"https:\/\/lesmainsdeflo.com\/wp-content\/uploads\/2025\/09\/team-building2.png","contentUrl":"https:\/\/lesmainsdeflo.com\/wp-content\/uploads\/2025\/09\/team-building2.png","width":1344,"height":896},{"@type":"BreadcrumbList","@id":"https:\/\/lesmainsdeflo.com\/index.php\/team-building-2\/#breadcrumb","itemListElement":[{"@type":"ListItem","position":1,"name":"Accueil","item":"https:\/\/lesmainsdeflo.com\/"},{"@type":"ListItem","position":2,"name":"Team building"}]},{"@type":"WebSite","@id":"https:\/\/lesmainsdeflo.com\/#website","url":"https:\/\/lesmainsdeflo.com\/","name":"Les Mains de Flo","description":"lecture des lignes de la main","publisher":{"@id":"https:\/\/lesmainsdeflo.com\/#organization"},"potentialAction":[{"@type":"SearchAction","target":{"@type":"EntryPoint","urlTemplate":"https:\/\/lesmainsdeflo.com\/?s={search_term_string}"},"query-input":"required name=search_term_string"}],"inLanguage":"fr-FR"},{"@type":"Organization","@id":"https:\/\/lesmainsdeflo.com\/#organization","name":"Les mains de flo - Chiromancie","url":"https:\/\/lesmainsdeflo.com\/","logo":{"@type":"ImageObject","inLanguage":"fr-FR","@id":"https:\/\/lesmainsdeflo.com\/#\/schema\/logo\/image\/","url":"https:\/\/lesmainsdeflo.com\/wp-content\/uploads\/2023\/10\/cropped-Chiromancie-Cartomancie-Papotage-1-1.png","contentUrl":"https:\/\/lesmainsdeflo.com\/wp-content\/uploads\/2023\/10\/cropped-Chiromancie-Cartomancie-Papotage-1-1.png","width":512,"height":512,"caption":"Les mains de flo - Chiromancie"},"image":{"@id":"https:\/\/lesmainsdeflo.com\/#\/schema\/logo\/image\/"}}]}},"ticketed":false,"_links":{"self":[{"href":"https:\/\/lesmainsdeflo.com\/index.php\/wp-json\/wp\/v2\/pages\/1779","targetHints":{"allow":["GET"]}}],"collection":[{"href":"https:\/\/lesmainsdeflo.com\/index.php\/wp-json\/wp\/v2\/pages"}],"about":[{"href":"https:\/\/lesmainsdeflo.com\/index.php\/wp-json\/wp\/v2\/types\/page"}],"author":[{"embeddable":true,"href":"https:\/\/lesmainsdeflo.com\/index.php\/wp-json\/wp\/v2\/users\/1"}],"replies":[{"embeddable":true,"href":"https:\/\/lesmainsdeflo.com\/index.php\/wp-json\/wp\/v2\/comments?post=1779"}],"version-history":[{"count":38,"href":"https:\/\/lesmainsdeflo.com\/index.php\/wp-json\/wp\/v2\/pages\/1779\/revisions"}],"predecessor-version":[{"id":1971,"href":"https:\/\/lesmainsdeflo.com\/index.php\/wp-json\/wp\/v2\/pages\/1779\/revisions\/1971"}],"wp:attachment":[{"href":"https:\/\/lesmainsdeflo.com\/index.php\/wp-json\/wp\/v2\/media?parent=1779"}],"curies":[{"name":"wp","href":"https:\/\/api.w.org\/{rel}","templated":true}]}}